{"id":29352,"date":"2021-07-06T13:15:15","date_gmt":"2021-07-06T11:15:15","guid":{"rendered":"https:\/\/brin-d-eveil.ch\/category\/news\/?page_id=29352"},"modified":"2025-03-09T17:50:10","modified_gmt":"2025-03-09T16:50:10","slug":"vivre-dans-lici-et-maintenant","status":"publish","type":"page","link":"https:\/\/brin-d-eveil.ch\/category\/news\/vivre-dans-lici-et-maintenant\/","title":{"rendered":"\u00catre reconnu"},"content":{"rendered":"\n<blockquote class=\"wp-block-quote justifie\"><p>L&#8217;\u00e9quipe \u00e9ducative offre un accompagnement individualis\u00e9 en tenant compte des comp\u00e9tences de chacun. Elle valorise le fait d&#8217;\u00eatre unique au sein d&#8217;un collectif. Elle s&#8217;engage \u00e0 l&#8217;observer au quotidien et \u00e0 ajuster l&#8217;environnement qui l&#8217;entoure en fonction de ses besoins. Elle veille \u00e0 l&#8217;int\u00e9gration des enfants \u00e0 besoins particuliers ainsi qu&#8217;\u00e0 la participation des enfants allophones. <\/p><\/blockquote>\n","protected":false},"excerpt":{"rendered":"<p>L&#8217;\u00e9quipe \u00e9ducative offre un accompagnement individualis\u00e9 en tenant compte des comp\u00e9tences de chacun. Elle valorise le fait d&#8217;\u00eatre unique au sein d&#8217;un collectif. Elle s&#8217;engage \u00e0 l&#8217;observer au quotidien et \u00e0 ajuster l&#8217;environnement qui l&#8217;entoure en fonction de ses besoins. Elle veille \u00e0 l&#8217;int\u00e9gration des enfants \u00e0 besoins particuliers ainsi qu&#8217;\u00e0 la participation des enfants&#46;&#46;&#46;<\/p>\n","protected":false},"author":1,"featured_media":0,"parent":0,"menu_order":0,"comment_status":"closed","ping_status":"closed","template":"","meta":[],"_links":{"self":[{"href":"https:\/\/brin-d-eveil.ch\/category\/news\/wp-json\/wp\/v2\/pages\/29352"}],"collection":[{"href":"https:\/\/brin-d-eveil.ch\/category\/news\/wp-json\/wp\/v2\/pages"}],"about":[{"href":"https:\/\/brin-d-eveil.ch\/category\/news\/wp-json\/wp\/v2\/types\/page"}],"author":[{"embeddable":true,"href":"https:\/\/brin-d-eveil.ch\/category\/news\/wp-json\/wp\/v2\/users\/1"}],"replies":[{"embeddable":true,"href":"https:\/\/brin-d-eveil.ch\/category\/news\/wp-json\/wp\/v2\/comments?post=29352"}],"version-history":[{"count":3,"href":"https:\/\/brin-d-eveil.ch\/category\/news\/wp-json\/wp\/v2\/pages\/29352\/revisions"}],"predecessor-version":[{"id":29916,"href":"https:\/\/brin-d-eveil.ch\/category\/news\/wp-json\/wp\/v2\/pages\/29352\/revisions\/29916"}],"wp:attachment":[{"href":"https:\/\/brin-d-eveil.ch\/category\/news\/wp-json\/wp\/v2\/media?parent=29352"}],"curies":[{"name":"wp","href":"https:\/\/api.w.org\/{rel}","templated":true}]}}

Être reconnu

<blockquote class="wp-block-quote justifie"><p>L&#8217;équipe éducative offre un accompagnement individualisé en tenant compte des compétences de chacun. Elle valorise le fait d&#8217;être unique au sein d&#8217;un collectif. Elle s&#8217;engage à l&#8217;observer au quotidien et à ajuster l&#8217;environnement qui l&#8217;entoure en fonction de ses besoins. Elle veille à l&#8217;intégration des enfants à besoins particuliers ainsi qu&#8217;à la participation des enfants allophones. </p></blockquote>

<p>L&#8217;équipe éducative offre un accompagnement individualisé en tenant compte des compétences de chacun. Elle valorise le fait d&#8217;être unique au sein d&#8217;un collectif. Elle s&#8217;engage à l&#8217;observer au quotidien et à ajuster l&#8217;environnement qui l&#8217;entoure en fonction de ses besoins. Elle veille à l&#8217;intégration des enfants à besoins particuliers ainsi qu&#8217;à la participation des enfants&#46;&#46;&#46;</p>
