{"id":29401,"date":"2021-07-06T16:23:13","date_gmt":"2021-07-06T14:23:13","guid":{"rendered":"https:\/\/brin-d-eveil.ch\/category\/news\/?page_id=29401"},"modified":"2024-07-16T12:47:15","modified_gmt":"2024-07-16T10:47:15","slug":"aurelie","status":"publish","type":"page","link":"https:\/\/brin-d-eveil.ch\/category\/news\/aurelie\/","title":{"rendered":"Aur\u00e9lie"},"content":{"rendered":"\n<figure class=\"wp-block-image size-large is-style-rounded\"><img loading=\"lazy\" width=\"1024\" height=\"1024\" src=\"https:\/\/brin-d-eveil.ch\/wp-content\/uploads\/2022\/01\/aurelie_carre-1024x1024.jpg\" alt=\"\" class=\"wp-image-29571\" srcset=\"https:\/\/brin-d-eveil.ch\/wp-content\/uploads\/2022\/01\/aurelie_carre-1024x1024.jpg 1024w, https:\/\/brin-d-eveil.ch\/wp-content\/uploads\/2022\/01\/aurelie_carre-300x300.jpg 300w, https:\/\/brin-d-eveil.ch\/wp-content\/uploads\/2022\/01\/aurelie_carre-150x150.jpg 150w, https:\/\/brin-d-eveil.ch\/wp-content\/uploads\/2022\/01\/aurelie_carre-768x768.jpg 768w, https:\/\/brin-d-eveil.ch\/wp-content\/uploads\/2022\/01\/aurelie_carre-1536x1536.jpg 1536w, https:\/\/brin-d-eveil.ch\/wp-content\/uploads\/2022\/01\/aurelie_carre-2048x2048.jpg 2048w, https:\/\/brin-d-eveil.ch\/wp-content\/uploads\/2022\/01\/aurelie_carre-200x200.jpg 200w, https:\/\/brin-d-eveil.ch\/wp-content\/uploads\/2022\/01\/aurelie_carre-720x720.jpg 720w\" sizes=\"(max-width: 1024px) 100vw, 1024px\" \/><\/figure>\n\n\n\n<blockquote class=\"wp-block-quote justifie\"><p>Au sein de notre espace de vie enfantine, j&#8217;offre un cadre s\u00e9curisant et bienveillant \u00e0 l\u2019enfant pour qu\u2019il puisse s\u2019y \u00e9panouir et grandir en toute s\u00e9curit\u00e9. Je suis extr\u00eamement attach\u00e9e au fait de laisser l\u2019enfant faire par lui-m\u00eame, car je suis persuad\u00e9e qu\u2019il apprend mieux en exp\u00e9rimentant et surtout qu\u2019il se r\u00e9alise ainsi\u2026&nbsp;<\/p><cite>Aur\u00e9lie, \u00e9ducatrice sociale HES<\/cite><\/blockquote>\n\n\n\n<p><\/p>\n","protected":false},"excerpt":{"rendered":"<p>Au sein de notre espace de vie enfantine, j&#8217;offre un cadre s\u00e9curisant et bienveillant \u00e0 l\u2019enfant pour qu\u2019il puisse s\u2019y \u00e9panouir et grandir en toute s\u00e9curit\u00e9. Je suis extr\u00eamement attach\u00e9e au fait de laisser l\u2019enfant faire par lui-m\u00eame, car je suis persuad\u00e9e qu\u2019il apprend mieux en exp\u00e9rimentant et surtout qu\u2019il se r\u00e9alise ainsi\u2026&nbsp; Aur\u00e9lie, \u00e9ducatrice&#46;&#46;&#46;<\/p>\n","protected":false},"author":1,"featured_media":0,"parent":0,"menu_order":0,"comment_status":"closed","ping_status":"closed","template":"","meta":[],"_links":{"self":[{"href":"https:\/\/brin-d-eveil.ch\/category\/news\/wp-json\/wp\/v2\/pages\/29401"}],"collection":[{"href":"https:\/\/brin-d-eveil.ch\/category\/news\/wp-json\/wp\/v2\/pages"}],"about":[{"href":"https:\/\/brin-d-eveil.ch\/category\/news\/wp-json\/wp\/v2\/types\/page"}],"author":[{"embeddable":true,"href":"https:\/\/brin-d-eveil.ch\/category\/news\/wp-json\/wp\/v2\/users\/1"}],"replies":[{"embeddable":true,"href":"https:\/\/brin-d-eveil.ch\/category\/news\/wp-json\/wp\/v2\/comments?post=29401"}],"version-history":[{"count":13,"href":"https:\/\/brin-d-eveil.ch\/category\/news\/wp-json\/wp\/v2\/pages\/29401\/revisions"}],"predecessor-version":[{"id":29821,"href":"https:\/\/brin-d-eveil.ch\/category\/news\/wp-json\/wp\/v2\/pages\/29401\/revisions\/29821"}],"wp:attachment":[{"href":"https:\/\/brin-d-eveil.ch\/category\/news\/wp-json\/wp\/v2\/media?parent=29401"}],"curies":[{"name":"wp","href":"https:\/\/api.w.org\/{rel}","templated":true}]}}

Aurélie

<figure class="wp-block-image size-large is-style-rounded"><img loading="lazy" width="1024" height="1024" src="https://brin-d-eveil.ch/wp-content/uploads/2022/01/aurelie_carre-1024x1024.jpg" alt="" class="wp-image-29571" srcset="https://brin-d-eveil.ch/wp-content/uploads/2022/01/aurelie_carre-1024x1024.jpg 1024w, https://brin-d-eveil.ch/wp-content/uploads/2022/01/aurelie_carre-300x300.jpg 300w, https://brin-d-eveil.ch/wp-content/uploads/2022/01/aurelie_carre-150x150.jpg 150w, https://brin-d-eveil.ch/wp-content/uploads/2022/01/aurelie_carre-768x768.jpg 768w, https://brin-d-eveil.ch/wp-content/uploads/2022/01/aurelie_carre-1536x1536.jpg 1536w, https://brin-d-eveil.ch/wp-content/uploads/2022/01/aurelie_carre-2048x2048.jpg 2048w, https://brin-d-eveil.ch/wp-content/uploads/2022/01/aurelie_carre-200x200.jpg 200w, https://brin-d-eveil.ch/wp-content/uploads/2022/01/aurelie_carre-720x720.jpg 720w" sizes="(max-width: 1024px) 100vw, 1024px" /></figure>



<blockquote class="wp-block-quote justifie"><p>Au sein de notre espace de vie enfantine, j&#8217;offre un cadre sécurisant et bienveillant à l’enfant pour qu’il puisse s’y épanouir et grandir en toute sécurité. Je suis extrêmement attachée au fait de laisser l’enfant faire par lui-même, car je suis persuadée qu’il apprend mieux en expérimentant et surtout qu’il se réalise ainsi…&nbsp;</p><cite>Aurélie, éducatrice sociale HES</cite></blockquote>



<p></p>

<p>Au sein de notre espace de vie enfantine, j&#8217;offre un cadre sécurisant et bienveillant à l’enfant pour qu’il puisse s’y épanouir et grandir en toute sécurité. Je suis extrêmement attachée au fait de laisser l’enfant faire par lui-même, car je suis persuadée qu’il apprend mieux en expérimentant et surtout qu’il se réalise ainsi…&nbsp; Aurélie, éducatrice&#46;&#46;&#46;</p>
