{"id":29575,"date":"2022-01-10T14:34:50","date_gmt":"2022-01-10T13:34:50","guid":{"rendered":"https:\/\/brin-d-eveil.ch\/category\/news\/?page_id=29575"},"modified":"2023-08-09T14:37:24","modified_gmt":"2023-08-09T12:37:24","slug":"lea","status":"publish","type":"page","link":"https:\/\/brin-d-eveil.ch\/category\/news\/lea\/","title":{"rendered":"L\u00e9a"},"content":{"rendered":"\n<figure class=\"wp-block-image size-full is-style-rounded\"><img loading=\"lazy\" width=\"948\" height=\"948\" src=\"https:\/\/brin-d-eveil.ch\/wp-content\/uploads\/2022\/01\/lea_carre.jpg\" alt=\"\" class=\"wp-image-29572\" srcset=\"https:\/\/brin-d-eveil.ch\/wp-content\/uploads\/2022\/01\/lea_carre.jpg 948w, https:\/\/brin-d-eveil.ch\/wp-content\/uploads\/2022\/01\/lea_carre-300x300.jpg 300w, https:\/\/brin-d-eveil.ch\/wp-content\/uploads\/2022\/01\/lea_carre-150x150.jpg 150w, https:\/\/brin-d-eveil.ch\/wp-content\/uploads\/2022\/01\/lea_carre-768x768.jpg 768w, https:\/\/brin-d-eveil.ch\/wp-content\/uploads\/2022\/01\/lea_carre-200x200.jpg 200w, https:\/\/brin-d-eveil.ch\/wp-content\/uploads\/2022\/01\/lea_carre-720x720.jpg 720w\" sizes=\"(max-width: 948px) 100vw, 948px\" \/><\/figure>\n\n\n\n<blockquote class=\"wp-block-quote justifie\"><p>Pour moi, appliquer les valeurs de l\u2019institution est primordiale pour assurer le bon fonctionnement du quotidien et la coh\u00e9rence envers les enfants.<br>Inculquer les bases de la bienveillance et du vivre ensemble est pour moi un point tr\u00e8s&nbsp;important, ma motivation principale dans ce m\u00e9tier est d\u2019accompagner les adultes de demain dans cette \u00e9tape qui est le d\u00e9but de leur vie. Comme dit Maria Montessori \u00ab lib\u00e9rez le potentiel de l\u2019enfant et vous transformerez le monde avec lui&nbsp;\u00bb.<\/p><cite>L\u00e9a, assistante socio-\u00e9ducative<\/cite><\/blockquote>\n","protected":false},"excerpt":{"rendered":"<p>Pour moi, appliquer les valeurs de l\u2019institution est primordiale pour assurer le bon fonctionnement du quotidien et la coh\u00e9rence envers les enfants.Inculquer les bases de la bienveillance et du vivre ensemble est pour moi un point tr\u00e8s&nbsp;important, ma motivation principale dans ce m\u00e9tier est d\u2019accompagner les adultes de demain dans cette \u00e9tape qui est le&#46;&#46;&#46;<\/p>\n","protected":false},"author":1,"featured_media":0,"parent":0,"menu_order":0,"comment_status":"closed","ping_status":"closed","template":"","meta":[],"_links":{"self":[{"href":"https:\/\/brin-d-eveil.ch\/category\/news\/wp-json\/wp\/v2\/pages\/29575"}],"collection":[{"href":"https:\/\/brin-d-eveil.ch\/category\/news\/wp-json\/wp\/v2\/pages"}],"about":[{"href":"https:\/\/brin-d-eveil.ch\/category\/news\/wp-json\/wp\/v2\/types\/page"}],"author":[{"embeddable":true,"href":"https:\/\/brin-d-eveil.ch\/category\/news\/wp-json\/wp\/v2\/users\/1"}],"replies":[{"embeddable":true,"href":"https:\/\/brin-d-eveil.ch\/category\/news\/wp-json\/wp\/v2\/comments?post=29575"}],"version-history":[{"count":4,"href":"https:\/\/brin-d-eveil.ch\/category\/news\/wp-json\/wp\/v2\/pages\/29575\/revisions"}],"predecessor-version":[{"id":29731,"href":"https:\/\/brin-d-eveil.ch\/category\/news\/wp-json\/wp\/v2\/pages\/29575\/revisions\/29731"}],"wp:attachment":[{"href":"https:\/\/brin-d-eveil.ch\/category\/news\/wp-json\/wp\/v2\/media?parent=29575"}],"curies":[{"name":"wp","href":"https:\/\/api.w.org\/{rel}","templated":true}]}}

Léa

<figure class="wp-block-image size-full is-style-rounded"><img loading="lazy" width="948" height="948" src="https://brin-d-eveil.ch/wp-content/uploads/2022/01/lea_carre.jpg" alt="" class="wp-image-29572" srcset="https://brin-d-eveil.ch/wp-content/uploads/2022/01/lea_carre.jpg 948w, https://brin-d-eveil.ch/wp-content/uploads/2022/01/lea_carre-300x300.jpg 300w, https://brin-d-eveil.ch/wp-content/uploads/2022/01/lea_carre-150x150.jpg 150w, https://brin-d-eveil.ch/wp-content/uploads/2022/01/lea_carre-768x768.jpg 768w, https://brin-d-eveil.ch/wp-content/uploads/2022/01/lea_carre-200x200.jpg 200w, https://brin-d-eveil.ch/wp-content/uploads/2022/01/lea_carre-720x720.jpg 720w" sizes="(max-width: 948px) 100vw, 948px" /></figure>



<blockquote class="wp-block-quote justifie"><p>Pour moi, appliquer les valeurs de l’institution est primordiale pour assurer le bon fonctionnement du quotidien et la cohérence envers les enfants.<br>Inculquer les bases de la bienveillance et du vivre ensemble est pour moi un point très&nbsp;important, ma motivation principale dans ce métier est d’accompagner les adultes de demain dans cette étape qui est le début de leur vie. Comme dit Maria Montessori « libérez le potentiel de l’enfant et vous transformerez le monde avec lui&nbsp;».</p><cite>Léa, assistante socio-éducative</cite></blockquote>

<p>Pour moi, appliquer les valeurs de l’institution est primordiale pour assurer le bon fonctionnement du quotidien et la cohérence envers les enfants.Inculquer les bases de la bienveillance et du vivre ensemble est pour moi un point très&nbsp;important, ma motivation principale dans ce métier est d’accompagner les adultes de demain dans cette étape qui est le&#46;&#46;&#46;</p>
