{"id":29748,"date":"2023-08-09T15:05:45","date_gmt":"2023-08-09T13:05:45","guid":{"rendered":"https:\/\/brin-d-eveil.ch\/category\/news\/?page_id=29748"},"modified":"2024-07-16T12:58:59","modified_gmt":"2024-07-16T10:58:59","slug":"leane","status":"publish","type":"page","link":"https:\/\/brin-d-eveil.ch\/category\/news\/leane\/","title":{"rendered":"Alison"},"content":{"rendered":"\n<figure class=\"wp-block-image size-large is-style-rounded\"><img loading=\"lazy\" width=\"1024\" height=\"1024\" src=\"https:\/\/brin-d-eveil.ch\/wp-content\/uploads\/2024\/07\/IMG_0452-1024x1024.jpg\" alt=\"\" class=\"wp-image-29803\" srcset=\"https:\/\/brin-d-eveil.ch\/wp-content\/uploads\/2024\/07\/IMG_0452-1024x1024.jpg 1024w, https:\/\/brin-d-eveil.ch\/wp-content\/uploads\/2024\/07\/IMG_0452-300x300.jpg 300w, https:\/\/brin-d-eveil.ch\/wp-content\/uploads\/2024\/07\/IMG_0452-150x150.jpg 150w, https:\/\/brin-d-eveil.ch\/wp-content\/uploads\/2024\/07\/IMG_0452-768x768.jpg 768w, https:\/\/brin-d-eveil.ch\/wp-content\/uploads\/2024\/07\/IMG_0452-1536x1536.jpg 1536w, https:\/\/brin-d-eveil.ch\/wp-content\/uploads\/2024\/07\/IMG_0452-200x200.jpg 200w, https:\/\/brin-d-eveil.ch\/wp-content\/uploads\/2024\/07\/IMG_0452-720x720.jpg 720w, https:\/\/brin-d-eveil.ch\/wp-content\/uploads\/2024\/07\/IMG_0452.jpg 1920w\" sizes=\"(max-width: 1024px) 100vw, 1024px\" \/><\/figure>\n\n\n\n<blockquote class=\"wp-block-quote justifie\"><p>Ce que j&#8217;aime par-dessus tout dans ce m\u00e9tier, c&#8217;est qu&#8217;aucune journ\u00e9e ne se ressemble. Chaque journ\u00e9e est une nouvelle aventure avec vos enfants. \u00catre \u00e0 l&#8217;\u00e9coute de leurs besoins afin de pouvoir y r\u00e9pondre au mieux est l&#8217;une de mes priorit\u00e9s. De plus, j&#8217;appr\u00e9cie particuli\u00e8rement \u00eatre dehors avec eux, car pour moi, c&#8217;est par la d\u00e9couverte de la nature qu&#8217;ils apprennent le plus. <\/p><p>Je termine par cette citation que j&#8217;affectionne particuli\u00e8rement : &#8221; Les enfants t\u00e9moignent par leurs jeux de leur grande facult\u00e9 d&#8217;abstraction et de leur haute puissance imaginative. Ils jouent sans joujoux&#8221;. (Charles Baudelaire)<\/p><cite>Alison, \u00e9ducatrice de l&#8217;enfance<\/cite><\/blockquote>\n\n\n\n<p><\/p>\n","protected":false},"excerpt":{"rendered":"<p>Ce que j&#8217;aime par-dessus tout dans ce m\u00e9tier, c&#8217;est qu&#8217;aucune journ\u00e9e ne se ressemble. Chaque journ\u00e9e est une nouvelle aventure avec vos enfants. \u00catre \u00e0 l&#8217;\u00e9coute de leurs besoins afin de pouvoir y r\u00e9pondre au mieux est l&#8217;une de mes priorit\u00e9s. De plus, j&#8217;appr\u00e9cie particuli\u00e8rement \u00eatre dehors avec eux, car pour moi, c&#8217;est par la&#46;&#46;&#46;<\/p>\n","protected":false},"author":1,"featured_media":0,"parent":0,"menu_order":0,"comment_status":"closed","ping_status":"closed","template":"","meta":[],"_links":{"self":[{"href":"https:\/\/brin-d-eveil.ch\/category\/news\/wp-json\/wp\/v2\/pages\/29748"}],"collection":[{"href":"https:\/\/brin-d-eveil.ch\/category\/news\/wp-json\/wp\/v2\/pages"}],"about":[{"href":"https:\/\/brin-d-eveil.ch\/category\/news\/wp-json\/wp\/v2\/types\/page"}],"author":[{"embeddable":true,"href":"https:\/\/brin-d-eveil.ch\/category\/news\/wp-json\/wp\/v2\/users\/1"}],"replies":[{"embeddable":true,"href":"https:\/\/brin-d-eveil.ch\/category\/news\/wp-json\/wp\/v2\/comments?post=29748"}],"version-history":[{"count":4,"href":"https:\/\/brin-d-eveil.ch\/category\/news\/wp-json\/wp\/v2\/pages\/29748\/revisions"}],"predecessor-version":[{"id":29834,"href":"https:\/\/brin-d-eveil.ch\/category\/news\/wp-json\/wp\/v2\/pages\/29748\/revisions\/29834"}],"wp:attachment":[{"href":"https:\/\/brin-d-eveil.ch\/category\/news\/wp-json\/wp\/v2\/media?parent=29748"}],"curies":[{"name":"wp","href":"https:\/\/api.w.org\/{rel}","templated":true}]}}

<figure class="wp-block-image size-large is-style-rounded"><img loading="lazy" width="1024" height="1024" src="https://brin-d-eveil.ch/wp-content/uploads/2024/07/IMG_0452-1024x1024.jpg" alt="" class="wp-image-29803" srcset="https://brin-d-eveil.ch/wp-content/uploads/2024/07/IMG_0452-1024x1024.jpg 1024w, https://brin-d-eveil.ch/wp-content/uploads/2024/07/IMG_0452-300x300.jpg 300w, https://brin-d-eveil.ch/wp-content/uploads/2024/07/IMG_0452-150x150.jpg 150w, https://brin-d-eveil.ch/wp-content/uploads/2024/07/IMG_0452-768x768.jpg 768w, https://brin-d-eveil.ch/wp-content/uploads/2024/07/IMG_0452-1536x1536.jpg 1536w, https://brin-d-eveil.ch/wp-content/uploads/2024/07/IMG_0452-200x200.jpg 200w, https://brin-d-eveil.ch/wp-content/uploads/2024/07/IMG_0452-720x720.jpg 720w, https://brin-d-eveil.ch/wp-content/uploads/2024/07/IMG_0452.jpg 1920w" sizes="(max-width: 1024px) 100vw, 1024px" /></figure>



<blockquote class="wp-block-quote justifie"><p>Ce que j&#8217;aime par-dessus tout dans ce métier, c&#8217;est qu&#8217;aucune journée ne se ressemble. Chaque journée est une nouvelle aventure avec vos enfants. Être à l&#8217;écoute de leurs besoins afin de pouvoir y répondre au mieux est l&#8217;une de mes priorités. De plus, j&#8217;apprécie particulièrement être dehors avec eux, car pour moi, c&#8217;est par la découverte de la nature qu&#8217;ils apprennent le plus. </p><p>Je termine par cette citation que j&#8217;affectionne particulièrement : &#8221; Les enfants témoignent par leurs jeux de leur grande faculté d&#8217;abstraction et de leur haute puissance imaginative. Ils jouent sans joujoux&#8221;. (Charles Baudelaire)</p><cite>Alison, éducatrice de l&#8217;enfance</cite></blockquote>



<p></p>

<p>Ce que j&#8217;aime par-dessus tout dans ce métier, c&#8217;est qu&#8217;aucune journée ne se ressemble. Chaque journée est une nouvelle aventure avec vos enfants. Être à l&#8217;écoute de leurs besoins afin de pouvoir y répondre au mieux est l&#8217;une de mes priorités. De plus, j&#8217;apprécie particulièrement être dehors avec eux, car pour moi, c&#8217;est par la&#46;&#46;&#46;</p>
