{"id":29889,"date":"2024-09-06T16:46:00","date_gmt":"2024-09-06T14:46:00","guid":{"rendered":"https:\/\/brin-d-eveil.ch\/category\/news\/?page_id=29889"},"modified":"2025-11-04T09:13:49","modified_gmt":"2025-11-04T08:13:49","slug":"sarah","status":"publish","type":"page","link":"https:\/\/brin-d-eveil.ch\/category\/news\/sarah\/","title":{"rendered":"Sarah"},"content":{"rendered":"\n<div class=\"wp-block-image is-style-rounded\"><figure class=\"aligncenter size-full\"><img loading=\"lazy\" width=\"238\" height=\"238\" src=\"https:\/\/brin-d-eveil.ch\/wp-content\/uploads\/2025\/03\/Sarah-De-pihno-Mendes_rond.jpg\" alt=\"\" class=\"wp-image-29875\" srcset=\"https:\/\/brin-d-eveil.ch\/wp-content\/uploads\/2025\/03\/Sarah-De-pihno-Mendes_rond.jpg 238w, https:\/\/brin-d-eveil.ch\/wp-content\/uploads\/2025\/03\/Sarah-De-pihno-Mendes_rond-150x150.jpg 150w, https:\/\/brin-d-eveil.ch\/wp-content\/uploads\/2025\/03\/Sarah-De-pihno-Mendes_rond-200x200.jpg 200w\" sizes=\"(max-width: 238px) 100vw, 238px\" \/><\/figure><\/div>\n\n\n\n<blockquote class=\"wp-block-quote justifie\"><p>Je m&#8217;appelle Sarah, j&#8217;ai f\u00eat\u00e9 mes 19 ans au mois d&#8217;octobre cette ann\u00e9e. Apr\u00e8s une ann\u00e9e pass\u00e9e en tant que stagiaire, j&#8217;ai maintenant commenc\u00e9 mon apprentissage. J&#8217;ai toujours aim\u00e9 travailler aupr\u00e8s des enfants et d&#8217;autre part, la philosophie et les valeurs de Brin d&#8217;\u00e9veil me parlent particuli\u00e8rement. Je suis ravie de pouvoir continuer mon aventure dans l&#8217;\u00e9quipe et de partager le quotidien de vos enfants.<\/p><cite>Sarah, apprentie ASE de 1\u00e8re ann\u00e9e<\/cite><\/blockquote>\n\n\n\n<p><\/p>\n","protected":false},"excerpt":{"rendered":"<p>Je m&#8217;appelle Sarah, j&#8217;ai f\u00eat\u00e9 mes 19 ans au mois d&#8217;octobre cette ann\u00e9e. Apr\u00e8s une ann\u00e9e pass\u00e9e en tant que stagiaire, j&#8217;ai maintenant commenc\u00e9 mon apprentissage. J&#8217;ai toujours aim\u00e9 travailler aupr\u00e8s des enfants et d&#8217;autre part, la philosophie et les valeurs de Brin d&#8217;\u00e9veil me parlent particuli\u00e8rement. Je suis ravie de pouvoir continuer mon aventure&#46;&#46;&#46;<\/p>\n","protected":false},"author":2,"featured_media":0,"parent":0,"menu_order":0,"comment_status":"closed","ping_status":"closed","template":"","meta":[],"_links":{"self":[{"href":"https:\/\/brin-d-eveil.ch\/category\/news\/wp-json\/wp\/v2\/pages\/29889"}],"collection":[{"href":"https:\/\/brin-d-eveil.ch\/category\/news\/wp-json\/wp\/v2\/pages"}],"about":[{"href":"https:\/\/brin-d-eveil.ch\/category\/news\/wp-json\/wp\/v2\/types\/page"}],"author":[{"embeddable":true,"href":"https:\/\/brin-d-eveil.ch\/category\/news\/wp-json\/wp\/v2\/users\/2"}],"replies":[{"embeddable":true,"href":"https:\/\/brin-d-eveil.ch\/category\/news\/wp-json\/wp\/v2\/comments?post=29889"}],"version-history":[{"count":5,"href":"https:\/\/brin-d-eveil.ch\/category\/news\/wp-json\/wp\/v2\/pages\/29889\/revisions"}],"predecessor-version":[{"id":29982,"href":"https:\/\/brin-d-eveil.ch\/category\/news\/wp-json\/wp\/v2\/pages\/29889\/revisions\/29982"}],"wp:attachment":[{"href":"https:\/\/brin-d-eveil.ch\/category\/news\/wp-json\/wp\/v2\/media?parent=29889"}],"curies":[{"name":"wp","href":"https:\/\/api.w.org\/{rel}","templated":true}]}}

<div class="wp-block-image is-style-rounded"><figure class="aligncenter size-full"><img loading="lazy" width="238" height="238" src="https://brin-d-eveil.ch/wp-content/uploads/2025/03/Sarah-De-pihno-Mendes_rond.jpg" alt="" class="wp-image-29875" srcset="https://brin-d-eveil.ch/wp-content/uploads/2025/03/Sarah-De-pihno-Mendes_rond.jpg 238w, https://brin-d-eveil.ch/wp-content/uploads/2025/03/Sarah-De-pihno-Mendes_rond-150x150.jpg 150w, https://brin-d-eveil.ch/wp-content/uploads/2025/03/Sarah-De-pihno-Mendes_rond-200x200.jpg 200w" sizes="(max-width: 238px) 100vw, 238px" /></figure></div>



<blockquote class="wp-block-quote justifie"><p>Je m&#8217;appelle Sarah, j&#8217;ai fêté mes 19 ans au mois d&#8217;octobre cette année. Après une année passée en tant que stagiaire, j&#8217;ai maintenant commencé mon apprentissage. J&#8217;ai toujours aimé travailler auprès des enfants et d&#8217;autre part, la philosophie et les valeurs de Brin d&#8217;éveil me parlent particulièrement. Je suis ravie de pouvoir continuer mon aventure dans l&#8217;équipe et de partager le quotidien de vos enfants.</p><cite>Sarah, apprentie ASE de 1ère année</cite></blockquote>



<p></p>

<p>Je m&#8217;appelle Sarah, j&#8217;ai fêté mes 19 ans au mois d&#8217;octobre cette année. Après une année passée en tant que stagiaire, j&#8217;ai maintenant commencé mon apprentissage. J&#8217;ai toujours aimé travailler auprès des enfants et d&#8217;autre part, la philosophie et les valeurs de Brin d&#8217;éveil me parlent particulièrement. Je suis ravie de pouvoir continuer mon aventure&#46;&#46;&#46;</p>
