{"id":29917,"date":"2025-03-09T17:56:28","date_gmt":"2025-03-09T16:56:28","guid":{"rendered":"https:\/\/brin-d-eveil.ch\/category\/news\/?page_id=29917"},"modified":"2025-03-09T17:56:28","modified_gmt":"2025-03-09T16:56:28","slug":"etre-securise","status":"publish","type":"page","link":"https:\/\/brin-d-eveil.ch\/category\/news\/etre-securise\/","title":{"rendered":"\u00catre s\u00e9curis\u00e9"},"content":{"rendered":"\n<blockquote class=\"wp-block-quote justifie\"><p>L&#8217;\u00e9quipe \u00e9ducative offre un accompagnement proximal \u00e0 l&#8217;enfant afin qu&#8217;il puisse \u00e9voluer \u00e0 son rythme au sein de la structure. Elle lui offre \u00e9galement des rep\u00e8res temporels afin qu&#8217;il puisse \u00eatre acteur de son quotidien. Pour le s\u00e9curiser, elle lui propose \u00e9galement des rituels afin qu&#8217;il puisse vivre dans l&#8217;instant pr\u00e9sent tout en prenant conscience du d\u00e9roulement de sa journ\u00e9e. <\/p><\/blockquote>\n","protected":false},"excerpt":{"rendered":"<p>L&#8217;\u00e9quipe \u00e9ducative offre un accompagnement proximal \u00e0 l&#8217;enfant afin qu&#8217;il puisse \u00e9voluer \u00e0 son rythme au sein de la structure. Elle lui offre \u00e9galement des rep\u00e8res temporels afin qu&#8217;il puisse \u00eatre acteur de son quotidien. Pour le s\u00e9curiser, elle lui propose \u00e9galement des rituels afin qu&#8217;il puisse vivre dans l&#8217;instant pr\u00e9sent tout en prenant conscience&#46;&#46;&#46;<\/p>\n","protected":false},"author":2,"featured_media":0,"parent":0,"menu_order":0,"comment_status":"closed","ping_status":"closed","template":"","meta":[],"_links":{"self":[{"href":"https:\/\/brin-d-eveil.ch\/category\/news\/wp-json\/wp\/v2\/pages\/29917"}],"collection":[{"href":"https:\/\/brin-d-eveil.ch\/category\/news\/wp-json\/wp\/v2\/pages"}],"about":[{"href":"https:\/\/brin-d-eveil.ch\/category\/news\/wp-json\/wp\/v2\/types\/page"}],"author":[{"embeddable":true,"href":"https:\/\/brin-d-eveil.ch\/category\/news\/wp-json\/wp\/v2\/users\/2"}],"replies":[{"embeddable":true,"href":"https:\/\/brin-d-eveil.ch\/category\/news\/wp-json\/wp\/v2\/comments?post=29917"}],"version-history":[{"count":1,"href":"https:\/\/brin-d-eveil.ch\/category\/news\/wp-json\/wp\/v2\/pages\/29917\/revisions"}],"predecessor-version":[{"id":29918,"href":"https:\/\/brin-d-eveil.ch\/category\/news\/wp-json\/wp\/v2\/pages\/29917\/revisions\/29918"}],"wp:attachment":[{"href":"https:\/\/brin-d-eveil.ch\/category\/news\/wp-json\/wp\/v2\/media?parent=29917"}],"curies":[{"name":"wp","href":"https:\/\/api.w.org\/{rel}","templated":true}]}}

Être sécurisé

<blockquote class="wp-block-quote justifie"><p>L&#8217;équipe éducative offre un accompagnement proximal à l&#8217;enfant afin qu&#8217;il puisse évoluer à son rythme au sein de la structure. Elle lui offre également des repères temporels afin qu&#8217;il puisse être acteur de son quotidien. Pour le sécuriser, elle lui propose également des rituels afin qu&#8217;il puisse vivre dans l&#8217;instant présent tout en prenant conscience du déroulement de sa journée. </p></blockquote>

<p>L&#8217;équipe éducative offre un accompagnement proximal à l&#8217;enfant afin qu&#8217;il puisse évoluer à son rythme au sein de la structure. Elle lui offre également des repères temporels afin qu&#8217;il puisse être acteur de son quotidien. Pour le sécuriser, elle lui propose également des rituels afin qu&#8217;il puisse vivre dans l&#8217;instant présent tout en prenant conscience&#46;&#46;&#46;</p>
